mon divisor of r and 95.
19
Suppose 2*c - 133 = -f - 0*f, 0 = -2*c - 5*f + 153. What is the highest common divisor of 16 and c?
16
Suppose -3*g = -0*g - 27. Suppose 18 = x - g. Calculate the highest common divisor of 18 and x.
9
Let o(x) = x**2 - x + 1. Let g be o(1). Let s(l) = 18*l**3 + l**2 - l. Let w be s(g). Calculate the greatest common factor of 90 and w.
18
Suppose 1 = -3*b - b + r, -3*b + 4*r = 17. Let v = 5 + b. What is the greatest common factor of 9 and v?
3
Let x be -2*5/(40/(-12)). Let u be -180*(x + (-21)/6). Calculate the greatest common factor of 10 and u.
10
Suppose -20 = -5*q - b - 4, b = -q. What is the highest common factor of 44 and q?
4
Let f(c) = 9*c + 14 + 5*c - 5*c + 0*c. Let b be f(9). What is the highest common divisor of 19 and b?
19
Suppose -15 = -3*w + 4*f + 6, 15 = -5*f. Let q(m) = m**3 - 3*m**2 + 2*m + 4. Let k be q(w). Calculate the highest common factor of 25 and k.
5
Suppose -12 = -g - 3*g. Suppose -2*l = -g*l. Let b(j) = -j**3 + 24. Let k be b(l). Calculate the highest common factor of k and 12.
12
Suppose 5*i = 7*i - 14. Let n be i/42 - 213/(-18). What is the highest common factor of 30 and n?
6
Suppose -4*a + 10 = 2*m, -26 = -3*a - 5*m - 1. Let u be (0/(-3) - a)/(-2). Let w be 9 + -1 + u + 0. What is the highest common factor of 72 and w?
8
Suppose -3*s + 308 = s. Suppose 5*g - s = 28. What is the highest common divisor of 189 and g?
21
Let n(v) = -11*v + 24. Let r be n(-6). What is the highest common factor of r and 18?
18
Suppose 0 = 3*x - 8*x + 165. Let k(z) = -8*z - 5. Let c be k(-1). What is the greatest common divisor of x and c?
3
Suppose 31 = 5*y - 0*j - 4*j, j + 1 = -y. Calculate the highest common divisor of y and 24.
3
Suppose -3*h + 57 = -90. What is the highest common divisor of 7 and h?
7
Let i(s) = s**2 + 7*s - 9. Let u be -7 - 0 - 4/2. Let b be i(u). What is the highest common divisor of b and 9?
9
Let h(b) = -b**3 + 7*b**2 - 6*b - 3. Let n be h(6). Let u be (n/2)/((-9)/60). Let o be (u - (4 + -2)) + 0. What is the greatest common divisor of o and 8?
8
Let n be 0/(1*(0 + -2)). Let f be (n - (9 + 0))/1. Let z be 1*9 - f/3. What is the greatest common factor of 48 and z?
12
Let s be (-8)/(-6)*6/4. Let g be (-40)/(-4)*12/(-10). Let v be (-78)/g + (-1)/s. What is the highest common divisor of 66 and v?
6
Let h(s) = s**3 - 3*s**2 - 5*s - 1. Let l be h(6). Calculate the highest common factor of 11 and l.
11
Let m be (0 - 2)*1 - -10. Let o = -9 - -17. Calculate the highest common factor of m and o.
8
Suppose z - 2*x + 3*x = 1, -11 = -z + x. Let l(t) = t**3 - 4*t**2 - t + 4. Let c be l(z). Calculate the greatest common divisor of c and 28.
14
Suppose q - 35 = 6*q. Suppose z = 5*f + 53, -2*z + 14 - 73 = 5*f. Let o = q - f. Calculate the greatest common divisor of 36 and o.
4
Suppose 0 = 2*p + c - 10, 0*c = 2*p - 2*c + 2. Let y be p/(3*(-3)/(-30)). Let m = 31 - 21. Calculate the highest common factor of m and y.
10
Let k be (-5)/10 - (-1)/2. Let c be 6 - 1*k/2. Calculate the greatest common factor of 66 and c.
6
Let p = 28 - 18. Suppose v - 48 = c - 3*c, -c + 4*v + 33 = 0. What is the greatest common divisor of p and c?
5
Let j = 63 + 124. What is the highest common divisor of j and 11?
11
Let v(w) = -59*w + 1. Suppose u = 3 - 6, 2*u + 12 = -3*g. Let b be v(g). What is the highest common factor of 17 and b?
17
Let c be ((-2 - -15) + -1)*2. Let s be 35/(-2)*c/(-15). Suppose 2*y - 13 = 1. What is the highest common factor of s and y?
7
Suppose 5 = -a + 27. Suppose s + a = 2*z, -3 = 4*z - 3*z - 4*s. Let n be (0 - -15)*(-13)/(-3). Calculate the highest common divisor of z and n.
13
Let r(o) = -o**2 + 3. Let k be r(0). Let t be ((-9)/2)/(0 - (-1)/(-6)). Calculate the greatest common factor of k and t.
3
Let m(h) = -13*h - 30. Let n be m(-12). Suppose 5*o = -2*c - 2*c + 74, 2*o = -3*c + 31. Calculate the greatest common factor of n and o.
14
Let x be ((-6)/(-4))/(18/168). Let b = x - 9. Calculate the greatest common factor of b and 20.
5
Let m(h) = -h**3 + h + 2. Let i be m(-3). Let q be i - (-2)/(-3)*-3. Suppose -4*v + q + 132 = 0. Calculate the greatest common divisor of v and 8.
8
Let n = 8 + -3. Suppose -i - 2*i = -3*o + 33, 4*i + 17 = -n*o. Let a = -4 - i. Calculate the highest common divisor of a and 16.
4
Let d(h) = h**2 + 4*h - 18. Let s be d(-8). What is the greatest common divisor of s and 7?
7
Suppose -a = 2*a - 561. Suppose -w - 146 = -3*s - 7, 4*s - w = a. Calculate the greatest common factor of 16 and s.
16
Let b(t) = -16*t. Let k be b(-1). What is the greatest common factor of 176 and k?
16
Let p be 2 - (-2)/((-6)/(-435)). Let o = 27 + -6. What is the highest common divisor of o and p?
21
Let y(v) = -v + 5. Let l be y(-10). Let g be 3/l*-14*-5. Suppose -2*o + 5*f = -20, 0 = -6*o + 2*o - 3*f + g. What is the highest common divisor of 40 and o?
5
Suppose 4*o - 180 = 2*o. Calculate the greatest common divisor of o and 18.
18
Suppose -4*r - 49 + 201 = 0. What is the highest common divisor of r and 95?
19
Let a = 3 + 0. Suppose -m - 4 = -2*f - 43, 0 = -a*f + 9. Let i = -12 + 21. What is the highest common factor of i and m?
9
Suppose 4*c + 13 - 85 = 0. Let r = -12 + c. What is the highest common factor of r and 66?
6
Let j = 13 + -7. Suppose -w = j + 3. Let c be (-69)/w - 1/(-3). Calculate the highest common factor of c and 88.
8
Let b be 112/63 - (-4)/18. Suppose -2*d - c + 14 = 0, 28 = -2*d + 5*d - b*c. Calculate the highest common factor of d and 72.
8
Suppose 2*d = 16 + 204. Calculate the greatest common divisor of d and 10.
10
Let f(v) = -v + 18. Let q be f(14). What is the greatest common divisor of 6 and q?
2
Let h = -21 - -15. Let v(t) = -t**2 - 6*t + 3. Let w be v(h). What is the highest common divisor of w and 15?
3
Suppose -h = 5*x - 39, 3*h - 4*x = -2*x + 202. What is the greatest common divisor of h and 8?
8
Let u(q) = 3*q**2 - 5*q - 5. Let g be u(5). Let k be (16/6)/(2/(-6)). Let l(z) = -2*z - 11. Let a be l(k). Calculate the greatest common divisor of g and a.
5
Let s = 112 + -42. What is the greatest common divisor of s and 7?
7
Suppose 0*q - 167 = 3*d - q, 3*d + 3*q + 171 = 0. Let h = 154 + d. What is the highest common divisor of 14 and h?
14
Let j(w) = -9*w**2 + w**3 + 3*w**2 + w + 4 - 8 + w**2. Let i be j(6). Calculate the highest common divisor of 19 and i.
19
Let h = 21 - 35. Let f(a) = -a**3 - 13*a**2 + 13*a + 4. Let l be f(h). Calculate the highest common divisor of l and 12.
6
Suppose -4*m - 21 = 5*i - 142, 2*i - 3*m = 30. Suppose -30 = -2*t - 2*q, 0*t + i = t + 3*q. What is the highest common divisor of t and 108?
12
Let x(p) = -p**3 - 8*p**2 - 7*p. Let c be x(-7). Let y = c + 9. What is the greatest common divisor of y and 3?
3
Suppose 5*v + 6 = 4*c - 114, 2*c - 4*v = 66. Suppose 0 = -q - 5*l + 3*l + c, 0 = -2*q + 5*l + 50. Calculate the highest common divisor of q and 5.
5
Suppose 2*k + 3*k - 30 = 0. Suppose -5*o - w - 3 - 1 = 0, 4*w + 16 = -4*o. Let c be (o - 2) + (k - 1). Calculate the greatest common factor of 2 and c.
1
Let m = -11 - -9. Let v = 14 + m. What is the highest common factor of 24 and v?
12
Let s = -19 + 27. What is the highest common divisor of 4 and s?
4
Suppose 2*x = 5*a + 68, 0 = 4*a + x + x + 40. Let m = -3 - a. What is the highest common divisor of 27 and m?
9
Suppose 0 = -4*r + 42 + 6. Calculate the highest common divisor of 18 and r.
6
Let p(m) = -10*m + 1. Suppose i + 9 = -2*k - 9, 3*k + 33 = -3*i. Let b be p(k). Suppose s - 83 - b = 0. What is the highest common divisor of s and 14?
14
Suppose -3*p + 10 + 11 = 0. What is the highest common divisor of p and 7?
7
Let r(p) = 1558*p + 247. Let v(c) = -38*c - 6. Let q(j) = 6*r(j) + 247*v(j). Let l be q(-2). What is the greatest common divisor of 19 and l?
19
Let y be (2 + (-26)/5)*-5. Suppose 0 = 4*k + 3*l - 1, -k + 2*l + 0*l = -14. What is the highest common divisor of y and k?
4
Suppose -5*u + 40 = -a - 223, 5*a + 119 = 2*u. Calculate the greatest common factor of 130 and u.
26
Suppose -15 = 5*c + s + 3*s, 3*s = -3*c - 12. Let p = 1 + c. Suppose -p = x - 156. What is the highest common divisor of x and 14?
14
Let i = 3 - 5. Let t be i/(-4)*-2 + 13. Let v(y) = 13*y**2 - 3*y. Let o be v(3). What is the highest common factor of o and t?
12
Let j(y) = 24*y + 4. Let i be j(1). Calculate the grea